he prime factors of t?
5, 11
Suppose 4*i - 78 - 2002 = -4*q, -q + i = -530. List the prime factors of q.
3, 5, 7
Let b = 45 - 19. List the prime factors of 14/(-91) + 1330/b.
3, 17
Let q = -79 + 87. What are the prime factors of q?
2
Suppose -o + 5*o + 16 = 0. Let w(f) = -15*f + 2. What are the prime factors of w(o)?
2, 31
Let t be -1*1 + 0 + 4. Suppose 3*w + 5*m - 420 = -2*w, 246 = t*w - 3*m. Suppose 105 = 4*b + 3*h, -2*b + 5*b - w = 2*h. List the prime factors of b.
3
Let l(u) = -313*u - 63. What are the prime factors of l(-21)?
2, 3, 5, 7, 31
Let u be ((-10)/(-3))/((-20)/(-24)). Suppose 2*k + 2 = 4*k + p, -2 = -2*k + p. What are the prime factors of k*(240 - -4)/u?
61
Let y(r) be the second derivative of -r**4/12 - 2*r**3 + 2*r**2 - r. Let t = 169 - 179. What are the prime factors of y(t)?
2, 3
Suppose -2*u + 4*r - r = 43, -4*u + 4*r - 84 = 0. List the prime factors of 0/(u/5) - (1 - 55).
2, 3
Let k(l) = 5*l**2 - 36*l - 7. List the prime factors of k(25).
2, 1109
Let j = -628 - -1073. What are the prime factors of j?
5, 89
Let h be (3 + 11)/((-1)/(-2)). List the prime factors of 1 - (-7752)/h - (-3)/21.
2, 139
Suppose 2*b = 122 + 310. List the prime factors of b.
2, 3
Suppose -3*w + 74*k - 71*k + 7329 = 0, k = -4*w + 9772. What are the prime factors of w?
7, 349
Let a(p) = 20*p**2 + 2*p - 1. Let w be a(5). Suppose -10*t + 221 = -w. List the prime factors of t.
73
Suppose a = -5*a + 12. Let z be 2 - ((-2 - 2) + a). Suppose 0 = -5*p - n + 171, -z*n + 72 = -0*p + 2*p. List the prime factors of p.
2, 17
Let b = -17 - -7. List the prime factors of (18/b)/((-33)/55).
3
Let z = 1086 + -771. What are the prime factors of z?
3, 5, 7
Let a be (-5 - (-246)/(-12))*(-4)/6. Let c(h) be the second derivative of h**5/20 - 3*h**4/2 + 3*h**3 + 11*h**2 + h. What are the prime factors of c(a)?
3, 13
Let z be ((-87)/(-6)*2)/(1/11). Let s = 546 - z. What are the prime factors of s?
227
Let l = 27 - 73. Let f = 29 + l. Let r = 7 - f. List the prime factors of r.
2, 3
Let i = -61 - -65. Suppose j = -2*j + 216. Suppose w = i*w - j. List the prime factors of w.
2, 3
Suppose -15 = 5*q + 5*p, 17 = -3*q - 7*p + 2*p. List the prime factors of ((-4)/(-12) + q)*42.
2, 7
Let c(z) = -z**2 + 5*z + 6. Let n be c(4). What are the prime factors of ((-72)/n)/(15/(-250))?
2, 3, 5
Let s = 1002 - 378. What are the prime factors of s?
2, 3, 13
Suppose 996 + 840 = 4*r. List the prime factors of r.
3, 17
Suppose -10*z + 1220 - 50 = 0. List the prime factors of z.
3, 13
Suppose 93*n - 85*n = 2056. List the prime factors of n.
257
What are the prime factors of (3501/(-12))/((-6)/16)?
2, 389
Suppose -29*b + 32*b = -3*j + 1131, -4*j - 5*b = -1508. List the prime factors of j.
13, 29
Suppose 2*x + 0 + 6 = 0. Let n(b) = -3*b**2 + 5*b + 4. Let a(m) = 6*m**2 - 10*m - 8. Let v(w) = -4*a(w) - 9*n(w). List the prime factors of v(x).
2, 19
Suppose 3*t - 286 = 5*k - 65, -4*k - 172 = -4*t. List the prime factors of (-11109)/k + 2/(-4).
241
Suppose -24*d - 144 = -32*d. Suppose -3*o - 2*s = -453, 5*s + d = -o + 156. What are the prime factors of o?
3, 17
Let m be (20/(-2))/(65/(-26)). Suppose v - m*s = 113, -v + 3*v - 214 = 4*s. What are the prime factors of v?
101
Suppose 5*o - 28 = -3*f, -o + 4 = f - 2. Let c = 94 + -90. Suppose o*v = c*v + 34. What are the prime factors of v?
2, 17
Let i = -177 - 17. Let u = -95 - i. What are the prime factors of u?
3, 11
Let u(f) = f**3 - 11*f**2 + 2*f + 12. Suppose -5*o + 14 + 41 = 0. List the prime factors of u(o).
2, 17
Let w(c) = -c + 2. Suppose 4*k - 95 = -0*k - p, -65 = -2*k + 3*p. Suppose -v + 5*v = -u - k, 2*u = -3*v - 20. List the prime factors of w(v).
2
Suppose -5*z - 191 = 4*o, 2*z = z - 2*o - 37. Let d = z + 55. Let s(m) = 2*m + 7. List the prime factors of s(d).
3, 13
Let h(l) = l**2 - 5*l. Let y be h(5). Suppose 7*p - p - 612 = y. What are the prime factors of p?
2, 3, 17
Suppose 0 = -5*n - 5*g + 4090, -5*n + 1949 = 2*g - 2138. List the prime factors of n.
19, 43
Suppose -168 = 5*g - 2*g. Let r = -74 - -48. Let n = r - g. List the prime factors of n.
2, 3, 5
Let v(s) = 3*s - 9. Let c(u) = u**3 - 12*u**2 + 11*u + 4. Let t(x) = -x**2 + 9*x + 11. Let h be t(9). Let d be c(h). What are the prime factors of v(d)?
3
Let q be (-5)/(5/(-3)) + -19. List the prime factors of 11 - ((-4)/10 + q/(-40)).
11
Let u = -872 + 1529. Suppose -6*d + u = 3*d. What are the prime factors of d?
73
Let g(f) = 27*f - 7. Let j = -24 - -30. What are the prime factors of g(j)?
5, 31
Suppose -4*z - 301 = -5*t - 0*t, 3*t + 3*z - 186 = 0. List the prime factors of t.
61
Let f(d) = d**2 - 3*d - 5. Let q be f(-2). Suppose -x = -q - 12. List the prime factors of x.
17
Let g(v) = -28*v. Let p(n) = -363*n. Let a(t) = 66*g(t) - 5*p(t). What are the prime factors of a(-1)?
3, 11
Suppose 1607 = f - 277. List the prime factors of f.
2, 3, 157
Suppose 4*u = -5*s + 11, 6 - 1 = u + 2*s. Let l be (-30)/5*u/2. What are the prime factors of 26/4*(l + 3)?
3, 13
Suppose h + 0*h = 2. Suppose -h + 4 = 2*t - 2*x, x = 2*t. List the prime factors of t/(3/(-4))*12.
2
Suppose 4*w - w + 4*i - 4698 = 0, 0 = -2*w + 5*i + 3109. What are the prime factors of w?
2, 11, 71
Let d = -235 - -1117. Suppose -4*b = 5*b - d. List the prime factors of b.
2, 7
Let u be (15 - 15) + 114 + 1. Let p = 56 - u. Let x = -39 - p. List the prime factors of x.
2, 5
Suppose -m - 5*g + 426 = 0, -4*m + 908 = -2*m - 4*g. What are the prime factors of m?
2, 223
Let k(w) = 2*w**3 - 12*w**2 - 2*w + 27. List the prime factors of k(10).
3, 269
Let g = 61 + -59. Suppose -3*o + g*a + 368 = o, 0 = 3*o + 4*a - 254. What are the prime factors of o?
2, 3, 5
Let c(b) = 2*b**3 - 9*b**2 + 6*b - 13. Let k be c(6). Suppose 135*o - 292 = k*o. List the prime factors of o.
73
Let a = -159 - -191. List the prime factors of a.
2
Let o be (-110)/25 + 10/25. What are the prime factors of (18/(-12))/(2/o)?
3
Suppose -34*m + 48*m - 57722 = 0. What are the prime factors of m?
7, 19, 31
Suppose h + 3 = -2*m, -5*h + 3*m + 48 = -2. Suppose -h*k + 437 = 80. Let c = k + -34. List the prime factors of c.
17
Let v(l) = -l**3 - 6*l**2 - 5*l + 3. Let t be v(-5). Let f be 3/((-6)/(-8)) + 0. Suppose -f*q + 10 = -t*q. List the prime factors of q.
2, 5
Let r(b) = -b**3 + 24*b**2 + 13*b + 310. Let l be r(25). Suppose -5*c = -4*p + 85, -6*p + 3*p - c = -59. Suppose l = 2*w - p. List the prime factors of w.
3, 5
Let h be 30/25*(-130)/(-4). Suppose -8*l - h = -11*l. Let w = 1 + l. What are the prime factors of w?
2, 7
Let z(q) = -q + 10. Let s be z(8). Suppose -b - 48 = b - s*a, a + 63 = -2*b. Let y = b - -48. List the prime factors of y.
19
Suppose -2*z + m + 303 = 0, 2*z - z + 5*m - 157 = 0. Let b = z - 44. What are the prime factors of b?
2, 3
Let b(n) = -29*n + 32. Let g be (-472)/64 + (-3)/(-8). What are the prime factors of b(g)?
5, 47
Let j = -1048 - -1825. What are the prime factors of j?
3, 7, 37
Suppose p + f - 117 + 20 = 0, 0 = -p - 3*f + 97. Let h = p - 84. What are the prime factors of h?
13
Let j(y) = -12*y**3 + 12*y**2 - 3*y. What are the prime factors of j(-4)?
2, 3
Suppose -14*x + 49977 + 14423 = 0. What are the prime factors of x?
2, 5, 23
Let d(y) = -y**2 - 1. Let w be d(-1). Let k(i) = i**2 + i + 1. Let u(g) = -6*g**3 - g**2 - g. Let s(b) = k(b) + u(b). List the prime factors of s(w).
7
Let r(h) be the first derivative of -h**3/3 - 29*h**2/2 + 39*h - 24. What are the prime factors of r(-14)?
3, 83
Let x = 13 + -9. Suppose -x = 2*r + 2. Let t = 17 + r. What are the prime factors of t?
2, 7
Suppose 0 = z, -3*k - 5*z - 208 = -4*k. List the prime factors of k.
2, 13
Suppose 5*m = 2*z - 0*m + 11, 3*m = 3*z + 3. Suppose t + z*l - 5*l + 7 = 0, -l + 4 = -2*t. What are the prime factors of t + (-2 - -2) + 5?
2
Let k be (-2 - -103)*-31 + (1 - 2). List the prime factors of k/(-84) - (-4)/(-14).
37
List the prime factors of -28 + 32 - (0 - 2338).
2, 1171
Let c = 299 - 295. What are the prime factors of c?
2
List the prime factors of (3/9)/((4/(-8010))/(-2)).
3, 5, 89
Let c be (2/(-3))/(4/(-84)). Let k = 14 - c. Suppose -5*n + k*n = b - 27, -b = 2*n - 24. List the prime factors of b.
2, 11
Let k(w) = -w**3 - 9*w**2 - w - 11. List the prime factors of k(-10).
3, 11
Let b(v) = -348*v - 416. List the prime factors of b(-4).
2, 61
Let i = 0 + 17. Let k = i + -28. Let 